{"id":111,"date":"2022-04-22T09:58:49","date_gmt":"2022-04-22T09:58:49","guid":{"rendered":"https:\/\/www.jms.ucg.ac.me\/?page_id=111"},"modified":"2022-04-27T09:10:38","modified_gmt":"2022-04-27T09:10:38","slug":"about","status":"publish","type":"page","link":"https:\/\/www.jms.ucg.ac.me\/index.php\/about\/","title":{"rendered":"About"},"content":{"rendered":"\n<div class=\"wp-block-media-text alignwide is-stacked-on-mobile is-vertically-aligned-top\" style=\"grid-template-columns:19% auto\" id=\"About\"><figure class=\"wp-block-media-text__media\"><img loading=\"lazy\" decoding=\"async\" width=\"300\" height=\"184\" src=\"https:\/\/www.jms.ucg.ac.me\/wp-content\/uploads\/2022\/04\/Logo-JMS-2-300x184.png\" alt=\"\u010casopis Pomorskog fakulteta Kotor \u2013 Journal of Maritime Sciences\" class=\"wp-image-82 size-medium\" srcset=\"https:\/\/www.jms.ucg.ac.me\/wp-content\/uploads\/2022\/04\/Logo-JMS-2-300x184.png 300w, https:\/\/www.jms.ucg.ac.me\/wp-content\/uploads\/2022\/04\/Logo-JMS-2-1024x627.png 1024w, https:\/\/www.jms.ucg.ac.me\/wp-content\/uploads\/2022\/04\/Logo-JMS-2-768x470.png 768w, https:\/\/www.jms.ucg.ac.me\/wp-content\/uploads\/2022\/04\/Logo-JMS-2.png 1088w\" sizes=\"(max-width: 300px) 100vw, 300px\" \/><\/figure><div class=\"wp-block-media-text__content\">\n<div class=\"wp-block-columns are-vertically-aligned-top is-layout-flex wp-container-core-columns-is-layout-1 wp-block-columns-is-layout-flex\" style=\"padding-top:5px;padding-right:5px;padding-bottom:5px;padding-left:5px\">\n<div class=\"wp-block-column is-vertically-aligned-top is-layout-flow wp-block-column-is-layout-flow\" style=\"padding-top:5px;padding-right:5px;padding-bottom:5px;padding-left:5px\">\n<h2 class=\"wp-block-heading\">About the Journal<\/h2>\n\n\n\n<p><em>\u010casopis Pomorskog fakulteta Kotor &#8211; Journal of Maritime Sciences <\/em>is an international scientific journal that represents a redesigned publication of the former <em>Selected Papers of the Maritime College in Kotor<\/em> (<em>Zbornik Vi\u0161e pomorske \u0161kole<\/em>) founded in 1972. After the Faculty of Maritime Studies Kotor was founded in 1982, this scientific, serial publication continued to be published as <em>Selected Papers of the Faculty of Maritime Studies<\/em> until 2019. This publication significantly contributed to the scientific research in maritime sciences and affairs in the domain of technical fields and humanities. All the issues of the previous publication are archived in the Maritime Library of the Faculty of Maritime Studies Kotor, University of Montenegro. <\/p>\n\n\n\n<p>Our initiative to save the tradition, and at the same time refresh and redesign the previous publication by establishing the Faculty of Maritime Studies international scientific journal <em>\u010casopis Pomorskog fakulteta Kotor &#8211; Journal of Maritime Sciences<\/em>, was inspired by dynamic changes in the international maritime market, interdisciplinary nature of maritime sciences, and the rise of international projects directly contributing to research, educational and pedagogical activities. Therefore, we believe it would be worthwhile to translate them in the form of high-quality research papers and other relevant scientific and professional manuscripts.<\/p>\n\n\n\n<h2 class=\"wp-block-heading\">Aims &amp; Scope<\/h2>\n\n\n\n<p><em>\u010casopis Pomorskog fakulteta Kotor &#8211; Journal of Maritime Sciences<\/em> is dedicated to research work on theoretical and applied domains of maritime and marine sciences such as navigation,\u00a0transportation, marine engineering, marine ecology and blue growth. We also focus on maritime management and logistics research, maritime information technologies and their application in shipping. We welcome ideas on energy efficiency in the maritime sector, marine automation and electronics, as well as mathematics and programming in maritime sciences. Being aware that teaching innovations are an inevitable factor in the teaching process, the focus is also on maritime education and training (MET), and language issues and novelties in maritime communication.<\/p>\n<\/div>\n\n\n\n<div class=\"wp-block-column is-vertically-aligned-top is-layout-flow wp-block-column-is-layout-flow\">\n<h2 class=\"wp-block-heading\">O \u010dasopisu<\/h2>\n\n\n\n<p><em>\u010casopis Pomorskog fakulteta Kotor &#8211; Journal of Maritime Sciences<\/em><strong> <\/strong>je me\u0111unarodni nau\u010dni \u010dasopis koji predstavlja redizajniranu publikaciju <em>Zbornika Vi\u0161e pomorske \u0161kole u Kotoru nastalog 1972. godine. Osnivanjem Fakulteta za pomorstvo 1982. godine, ova stru\u010dna, serijska publikacija je nastavila sa izla\u017eenjem pod nazivom Zbornik Fakulteta za pomorstvo do 2019. <\/em>godine. Ova publikacija je zna\u010dajno doprinijela istra\u017eiva\u010dkom radu u pomorstvu, kako u oblasti tehni\u010dkih tako i dru\u0161tvenih nauka. Sva izdanja prethodnih publikacija Zbornika \u010duvaju se u Pomorskoj biblioteci Pomorskog fakulteta Kotor, Univerziteta Crne Gore.<\/p>\n\n\n\n<p>Na\u0161a inicijativa da sa\u010duvamo tradiciju, ali u isto vrijeme obnovimo i redizajniramo prethodno izdanje osnivanjem <em>\u010casopisa Pomorskog fakulteta Kotor &#8211; Journal of Maritime Sciences<\/em>, potaknuta je dinami\u010dnim promjenama na me\u0111unarodnom pomorskom tr\u017ei\u0161tu, interdisciplinarnom prirodom pomorskih nauka, kao i rastom me\u0111unarodnih projekata koji direktno doprinose istra\u017eiva\u010dkom procesu, obrazovnim i pedago\u0161kim aktivnostima. Smatramo da sve pomenute aktuelnosti zaslu\u017euju da budu preto\u010dene u kvalitetne nau\u010dnoistra\u017eiva\u010dke radove ili relevantne nau\u010dne i stru\u010dne publikacije. <\/p>\n\n\n\n<h2 class=\"wp-block-heading\">Ciljevi i oblasti<\/h2>\n\n\n\n<p><em>\u010casopis Pomorskog fakulteta Kotor &#8211; Journal of Maritime Sciences<\/em> bavi se istra\u017eiva\u010dkim radovima iz teorijskih i primjenjenih oblasti pomorskih nauka kao \u0161to su navigacija, transport, brodoma\u0161instvo, ekologija i plavi rast. Tako\u0111e, fokusiran je na oblast menad\u017ementa u pomorstvu u logistici, informacionim tehnologija te njihovih primjena u pomorstvu. Veoma dobrodo\u0161le su ideje iz oblasti energetske efikasnosti u pomorskom sektoru, brodske automatizacije i elektronike, kao i matematike i programiranja u pomorstvu. Svjesni va\u017enosti inovacija u procesu nastave, u fokusu su tako\u0111e pomorsko obrazovanje i obuka, kao i problematika i novine koje se odnose na jezik u pomorskoj komunikaciji.\u00a0<\/p>\n<\/div>\n<\/div>\n\n\n\n<p><\/p>\n<\/div><\/div>\n\n\n\n<div style=\"height:10px\" aria-hidden=\"true\" class=\"wp-block-spacer\"><\/div>\n\n\n\n<div class=\"wp-block-columns alignwide is-layout-flex wp-container-core-columns-is-layout-2 wp-block-columns-is-layout-flex\">\n<div class=\"wp-block-column is-layout-flow wp-block-column-is-layout-flow\">\n<p style=\"font-size:14px\"><strong><a href=\"https:\/\/www.ucg.ac.me\/pfkotor\/\" target=\"_blank\" rel=\"noreferrer noopener\">Faculty of Maritime Studies Kotor<\/a><\/strong><br>Put I Bokeljske brigade 44, Dobrota<br>85331 Kotor, Montenegro<br>tel: +38232303184<br>email: <a href=\"mailto:pfkotor@ucg.ac.me\">pfkotor@ucg.ac.me<\/a><\/p>\n<\/div>\n\n\n\n<div class=\"wp-block-column is-layout-flow wp-block-column-is-layout-flow\">\n<p style=\"font-size:14px\"><strong><a href=\"https:\/\/www.ucg.ac.me\/pfkotor\/\" data-type=\"URL\" data-id=\"https:\/\/www.ucg.ac.me\/pfkotor\/\" target=\"_blank\" rel=\"noreferrer noopener\">Pomorski fakultet Kotor<\/a><\/strong><br>Put I Bokeljske brigade 44, Dobrota<br>85331 Kotor, Montenegro<br>tel: +38232303184<br>email: <a href=\"mailto:pfkotor@ucg.ac.me\">pfkotor@ucg.ac.me<\/a><\/p>\n<\/div>\n\n\n\n<div class=\"wp-block-column is-layout-flow wp-block-column-is-layout-flow\">\n<p style=\"font-size:14px\"><a rel=\"noreferrer noopener\" href=\"https:\/\/www.ucg.ac.me\/pfkotor\/\" target=\"_blank\"><strong>Faculty of Maritime Studies Kotor Web Page<\/strong><\/a><br><\/p>\n\n\n\n<ul class=\"wp-block-social-links is-style-default is-layout-flex wp-block-social-links-is-layout-flex\"><li class=\"wp-social-link wp-social-link-facebook  wp-block-social-link\"><a href=\"https:\/\/www.facebook.com\/pomorski.fakultet.kotor\" class=\"wp-block-social-link-anchor\"><svg width=\"24\" height=\"24\" viewBox=\"0 0 24 24\" version=\"1.1\" xmlns=\"http:\/\/www.w3.org\/2000\/svg\" aria-hidden=\"true\" focusable=\"false\"><path d=\"M12 2C6.5 2 2 6.5 2 12c0 5 3.7 9.1 8.4 9.9v-7H7.9V12h2.5V9.8c0-2.5 1.5-3.9 3.8-3.9 1.1 0 2.2.2 2.2.2v2.5h-1.3c-1.2 0-1.6.8-1.6 1.6V12h2.8l-.4 2.9h-2.3v7C18.3 21.1 22 17 22 12c0-5.5-4.5-10-10-10z\"><\/path><\/svg><span class=\"wp-block-social-link-label screen-reader-text\">Facebook<\/span><\/a><\/li>\n\n<li class=\"wp-social-link wp-social-link-instagram  wp-block-social-link\"><a href=\"https:\/\/www.instagram.com\/pomorski.fakultet.kotor\/\" class=\"wp-block-social-link-anchor\"><svg width=\"24\" height=\"24\" viewBox=\"0 0 24 24\" version=\"1.1\" xmlns=\"http:\/\/www.w3.org\/2000\/svg\" aria-hidden=\"true\" focusable=\"false\"><path d=\"M12,4.622c2.403,0,2.688,0.009,3.637,0.052c0.877,0.04,1.354,0.187,1.671,0.31c0.42,0.163,0.72,0.358,1.035,0.673 c0.315,0.315,0.51,0.615,0.673,1.035c0.123,0.317,0.27,0.794,0.31,1.671c0.043,0.949,0.052,1.234,0.052,3.637 s-0.009,2.688-0.052,3.637c-0.04,0.877-0.187,1.354-0.31,1.671c-0.163,0.42-0.358,0.72-0.673,1.035 c-0.315,0.315-0.615,0.51-1.035,0.673c-0.317,0.123-0.794,0.27-1.671,0.31c-0.949,0.043-1.233,0.052-3.637,0.052 s-2.688-0.009-3.637-0.052c-0.877-0.04-1.354-0.187-1.671-0.31c-0.42-0.163-0.72-0.358-1.035-0.673 c-0.315-0.315-0.51-0.615-0.673-1.035c-0.123-0.317-0.27-0.794-0.31-1.671C4.631,14.688,4.622,14.403,4.622,12 s0.009-2.688,0.052-3.637c0.04-0.877,0.187-1.354,0.31-1.671c0.163-0.42,0.358-0.72,0.673-1.035 c0.315-0.315,0.615-0.51,1.035-0.673c0.317-0.123,0.794-0.27,1.671-0.31C9.312,4.631,9.597,4.622,12,4.622 M12,3 C9.556,3,9.249,3.01,8.289,3.054C7.331,3.098,6.677,3.25,6.105,3.472C5.513,3.702,5.011,4.01,4.511,4.511 c-0.5,0.5-0.808,1.002-1.038,1.594C3.25,6.677,3.098,7.331,3.054,8.289C3.01,9.249,3,9.556,3,12c0,2.444,0.01,2.751,0.054,3.711 c0.044,0.958,0.196,1.612,0.418,2.185c0.23,0.592,0.538,1.094,1.038,1.594c0.5,0.5,1.002,0.808,1.594,1.038 c0.572,0.222,1.227,0.375,2.185,0.418C9.249,20.99,9.556,21,12,21s2.751-0.01,3.711-0.054c0.958-0.044,1.612-0.196,2.185-0.418 c0.592-0.23,1.094-0.538,1.594-1.038c0.5-0.5,0.808-1.002,1.038-1.594c0.222-0.572,0.375-1.227,0.418-2.185 C20.99,14.751,21,14.444,21,12s-0.01-2.751-0.054-3.711c-0.044-0.958-0.196-1.612-0.418-2.185c-0.23-0.592-0.538-1.094-1.038-1.594 c-0.5-0.5-1.002-0.808-1.594-1.038c-0.572-0.222-1.227-0.375-2.185-0.418C14.751,3.01,14.444,3,12,3L12,3z M12,7.378 c-2.552,0-4.622,2.069-4.622,4.622S9.448,16.622,12,16.622s4.622-2.069,4.622-4.622S14.552,7.378,12,7.378z M12,15 c-1.657,0-3-1.343-3-3s1.343-3,3-3s3,1.343,3,3S13.657,15,12,15z M16.804,6.116c-0.596,0-1.08,0.484-1.08,1.08 s0.484,1.08,1.08,1.08c0.596,0,1.08-0.484,1.08-1.08S17.401,6.116,16.804,6.116z\"><\/path><\/svg><span class=\"wp-block-social-link-label screen-reader-text\">Instagram<\/span><\/a><\/li>\n\n<li class=\"wp-social-link wp-social-link-youtube  wp-block-social-link\"><a href=\"https:\/\/www.youtube.com\/channel\/UCVEy0x7vi8hceYNYZ7T1iHg\" class=\"wp-block-social-link-anchor\"><svg width=\"24\" height=\"24\" viewBox=\"0 0 24 24\" version=\"1.1\" xmlns=\"http:\/\/www.w3.org\/2000\/svg\" aria-hidden=\"true\" focusable=\"false\"><path d=\"M21.8,8.001c0,0-0.195-1.378-0.795-1.985c-0.76-0.797-1.613-0.801-2.004-0.847c-2.799-0.202-6.997-0.202-6.997-0.202 h-0.009c0,0-4.198,0-6.997,0.202C4.608,5.216,3.756,5.22,2.995,6.016C2.395,6.623,2.2,8.001,2.2,8.001S2,9.62,2,11.238v1.517 c0,1.618,0.2,3.237,0.2,3.237s0.195,1.378,0.795,1.985c0.761,0.797,1.76,0.771,2.205,0.855c1.6,0.153,6.8,0.201,6.8,0.201 s4.203-0.006,7.001-0.209c0.391-0.047,1.243-0.051,2.004-0.847c0.6-0.607,0.795-1.985,0.795-1.985s0.2-1.618,0.2-3.237v-1.517 C22,9.62,21.8,8.001,21.8,8.001z M9.935,14.594l-0.001-5.62l5.404,2.82L9.935,14.594z\"><\/path><\/svg><span class=\"wp-block-social-link-label screen-reader-text\">YouTube<\/span><\/a><\/li><\/ul>\n<\/div>\n<\/div>\n","protected":false},"excerpt":{"rendered":"<p>Faculty of Maritime Studies KotorPut I Bokeljske brigade 44, Dobrota85331 Kotor, Montenegrotel: +38232303184email: pfkotor@ucg.ac.me Pomorski fakultet KotorPut I Bokeljske brigade 44, Dobrota85331 Kotor, Montenegrotel: +38232303184email: pfkotor@ucg.ac.me Faculty of Maritime Studies Kotor Web Page<\/p>\n","protected":false},"author":2,"featured_media":0,"parent":0,"menu_order":0,"comment_status":"closed","ping_status":"closed","template":"","meta":{"footnotes":""},"class_list":["post-111","page","type-page","status-publish","hentry"],"_links":{"self":[{"href":"https:\/\/www.jms.ucg.ac.me\/index.php\/wp-json\/wp\/v2\/pages\/111"}],"collection":[{"href":"https:\/\/www.jms.ucg.ac.me\/index.php\/wp-json\/wp\/v2\/pages"}],"about":[{"href":"https:\/\/www.jms.ucg.ac.me\/index.php\/wp-json\/wp\/v2\/types\/page"}],"author":[{"embeddable":true,"href":"https:\/\/www.jms.ucg.ac.me\/index.php\/wp-json\/wp\/v2\/users\/2"}],"replies":[{"embeddable":true,"href":"https:\/\/www.jms.ucg.ac.me\/index.php\/wp-json\/wp\/v2\/comments?post=111"}],"version-history":[{"count":12,"href":"https:\/\/www.jms.ucg.ac.me\/index.php\/wp-json\/wp\/v2\/pages\/111\/revisions"}],"predecessor-version":[{"id":146,"href":"https:\/\/www.jms.ucg.ac.me\/index.php\/wp-json\/wp\/v2\/pages\/111\/revisions\/146"}],"wp:attachment":[{"href":"https:\/\/www.jms.ucg.ac.me\/index.php\/wp-json\/wp\/v2\/media?parent=111"}],"curies":[{"name":"wp","href":"https:\/\/api.w.org\/{rel}","templated":true}]}}