{"id":124,"date":"2022-04-22T15:20:05","date_gmt":"2022-04-22T15:20:05","guid":{"rendered":"https:\/\/www.jms.ucg.ac.me\/?page_id=124"},"modified":"2024-03-12T08:15:28","modified_gmt":"2024-03-12T08:15:28","slug":"review-process","status":"publish","type":"page","link":"https:\/\/www.jms.ucg.ac.me\/index.php\/review-process\/","title":{"rendered":"Review Process &#038; Statements"},"content":{"rendered":"\n<div class=\"wp-block-media-text alignwide is-stacked-on-mobile is-vertically-aligned-top\" style=\"grid-template-columns:19% auto\" id=\"About\"><figure class=\"wp-block-media-text__media\"><img loading=\"lazy\" decoding=\"async\" width=\"300\" height=\"184\" src=\"https:\/\/www.jms.ucg.ac.me\/wp-content\/uploads\/2022\/04\/Logo-JMS-2-300x184.png\" alt=\"\u010casopis Pomorskog fakulteta Kotor \u2013 Journal of Maritime Sciences\" class=\"wp-image-82 size-medium\" srcset=\"https:\/\/www.jms.ucg.ac.me\/wp-content\/uploads\/2022\/04\/Logo-JMS-2-300x184.png 300w, https:\/\/www.jms.ucg.ac.me\/wp-content\/uploads\/2022\/04\/Logo-JMS-2-1024x627.png 1024w, https:\/\/www.jms.ucg.ac.me\/wp-content\/uploads\/2022\/04\/Logo-JMS-2-768x470.png 768w, https:\/\/www.jms.ucg.ac.me\/wp-content\/uploads\/2022\/04\/Logo-JMS-2.png 1088w\" sizes=\"(max-width: 300px) 100vw, 300px\" \/><\/figure><div class=\"wp-block-media-text__content\">\n<div class=\"wp-block-columns are-vertically-aligned-top is-layout-flex wp-container-core-columns-is-layout-1 wp-block-columns-is-layout-flex\" style=\"padding-top:5px;padding-right:5px;padding-bottom:5px;padding-left:5px\">\n<div class=\"wp-block-column is-vertically-aligned-top is-layout-flow wp-block-column-is-layout-flow\" style=\"padding-top:5px;padding-right:5px;padding-bottom:5px;padding-left:5px\">\n<p>In general, the review process takes up to a month. The Editorial Board decides whether the manuscript is suitable for further independent blind review. In case the paper fits the Journal content and technical standards, it is sent to at least two reviewers for blind review.<\/p>\n\n\n\n<p>The received papers can be published as: Original scientific paper, review paper, editorial, short report, and invited paper.<\/p>\n\n\n\n<p>All manuscripts sent to <em>\u010casopis Pomorskog fakulteta Kotor <\/em><em>&#8211;<\/em><em> Journal of Maritime Sciences<\/em><strong> <\/strong>are subject to plagiarism check before the review process.<\/p>\n\n\n\n<p>Authors are advised to have their manuscripts proofread. The languages of the journal are English, Montenegrin\/Serbian\/Croatian\/Bosnian.<\/p>\n\n\n\n<p>Authors who would like to have their manuscript published for <em>\u010casopis Pomorskog fakulteta Kotor &#8211; Journal of Maritime Sciences<\/em><strong> <\/strong>should follow the <em>journal guidelines<\/em>. The Journal Template can be found <a href=\"https:\/\/www.jms.ucg.ac.me\/index.php\/guidelines-template\/\" data-type=\"URL\" data-id=\"https:\/\/www.jms.ucg.ac.me\/index.php\/guidelines-template\/\" target=\"_blank\" rel=\"noreferrer noopener\">here<\/a>. <\/p>\n\n\n\n<p>Manuscripts should be submitted by email to <a href=\"mailto:jms@ucg.ac.me\">jms@ucg.ac.me<\/a>.<\/p>\n\n\n\n<p><strong>Copyright and Open Access<\/strong><br>All papers published open access will be immediately and permanently free for everyone to read and download. Permitted reuse is determined by the Creative Commons Attribution Journal Open Source License (CC-BY) which lets other to distribute and copy the paper, to create extracts, abstracts, and other revised versions, adaptations or derivative works of or from a paper, to include in a collective work, to text or data mine the paper even for commercial purposes, as long as they credit the author(s), do not represent the author as endorsing their adaptation of the paper, and do not modify the paper in such a way as to damage the authors honor or reputation. For further details see the Creative Commons website.<\/p>\n\n\n\n<figure class=\"wp-block-image size-full is-resized\"><a href=\"https:\/\/creativecommons.org\/\"><img loading=\"lazy\" decoding=\"async\" width=\"326\" height=\"114\" src=\"https:\/\/www.jms.ucg.ac.me\/wp-content\/uploads\/2024\/03\/image.png\" alt=\"\" class=\"wp-image-336\" style=\"width:267px;height:auto\" srcset=\"https:\/\/www.jms.ucg.ac.me\/wp-content\/uploads\/2024\/03\/image.png 326w, https:\/\/www.jms.ucg.ac.me\/wp-content\/uploads\/2024\/03\/image-300x105.png 300w\" sizes=\"(max-width: 326px) 100vw, 326px\" \/><\/a><\/figure>\n\n\n\n<p>Authorship Statement needs to be signed and provided by in the PDF. Authors should retain raw data related to their submitted paper, and must provide it for editorial review, upon request of the editor.<\/p>\n<\/div>\n\n\n\n<div class=\"wp-block-column is-vertically-aligned-top is-layout-flow wp-block-column-is-layout-flow\">\n<p>Generalno, proces recenziranja traje do mjesec dana. Uredni\u010dki odbor odlu\u010duje da li je rad prihvatljiv da u\u0111e u proceduru recenzije. U slu\u010daju da rad ispunjava sadr\u017eaj \u010dasopisa i tehni\u010dki je usagla\u0161en,\u00a0 isti \u0107e biti poslat najmanje dvama recenzentima na recenziju.<\/p>\n\n\n\n<p>U <em>\u010casopisu Pomorskog fakulteta Kotor <\/em><em>&#8211;<\/em><em> Journal of Maritime Sciences<\/em>, radovi se mogu objaviti kao: originalni nau\u010dni rad,&nbsp; pregledni rad, uvodni \u010dlanak, kratki izvje\u0161taj i pozvani rad.<\/p>\n\n\n\n<p>Svi radovi poslati za <em>\u010casopis Pomorskog fakulteta Kotor <\/em><em>&#8211;<\/em><em> &nbsp;Journal of Maritime Sciences<\/em><strong> <\/strong>provjeravaju se u programu za provjeru plagijarizma prije postupka recenzije.<\/p>\n\n\n\n<p>Autorima se preporu\u010duje da se radovi lektori\u0161u prije slanja. Jezici \u010dasopisa su engleski\/crnogorski\/srpski\/hrvatski\/bosanski).<\/p>\n\n\n\n<p>Autori koji \u017eele da objave rad u <em>\u010casopisu Pomorskog fakulteta Kotor &#8211; Journal of Maritime Sciences<\/em> treba da slijede <em>uputstva za autore<\/em>. Obrazac se mo\u017ee preuzeti sa <a href=\"https:\/\/www.jms.ucg.ac.me\/index.php\/guidelines-template\/\" data-type=\"URL\" data-id=\"https:\/\/www.jms.ucg.ac.me\/index.php\/guidelines-template\/\" target=\"_blank\" rel=\"noreferrer noopener\">linka<\/a>.<\/p>\n\n\n\n<p>Radove treba dostaviti elektronskim putem na: <a href=\"mailto:jms@ucg.ac.me\">jms@ucg.ac.me<\/a>.<\/p>\n\n\n\n<p><strong>Autorska prava i otvoreni pristup<\/strong> <br>Svi radovi objavljeni u otvorenom pristupu bi\u0107e odmah i trajno besplatni za \u010ditanje i preuzimanje. Dopu\u0161tena ponovna upotreba je odre\u0111ena licencom otvorenog koda Creative Commons Attribution Journal (CC-BI) koja dopu\u0161ta drugima da distribuiraju i kopiraju rad, da kreiraju izvode, sa\u017eetke i druge revidirane verzije, adaptacije ili izvedene cijele radove ili dijela rada, da iste uklju\u010de u kolektivno djelo, za pisanje teksta ili podataka u radu \u010dak i u komercijalne svrhe, sve dok se pozivaju na autora(e), ne navode autora tako da koriste njihovu adaptaciju rada i ne modifikuju rad na takav na\u010din da se naru\u0161i \u010dast ili ugled autora. Za vi\u0161e detalja pogledajte slu\u017ebenu stranicu Creative Commons.<\/p>\n\n\n\n<figure class=\"wp-block-image size-full is-resized\"><a href=\"https:\/\/creativecommons.org\/\"><img loading=\"lazy\" decoding=\"async\" width=\"326\" height=\"114\" src=\"https:\/\/www.jms.ucg.ac.me\/wp-content\/uploads\/2024\/03\/image.png\" alt=\"\" class=\"wp-image-336\" style=\"width:267px;height:auto\" srcset=\"https:\/\/www.jms.ucg.ac.me\/wp-content\/uploads\/2024\/03\/image.png 326w, https:\/\/www.jms.ucg.ac.me\/wp-content\/uploads\/2024\/03\/image-300x105.png 300w\" sizes=\"(max-width: 326px) 100vw, 326px\" \/><\/a><\/figure>\n\n\n\n<p>Izjavu o autorstvu treba potpisati i dostaviti u PDF-u. Autori bi trebali zadr\u017eati neobra\u0111ene podatke koji se odnose na rad koji su predali i moraju ih dati na uvid urednicima, a na zahtjev urednika.<\/p>\n<\/div>\n<\/div>\n\n\n\n<p><\/p>\n<\/div><\/div>\n\n\n\n<div style=\"height:10px\" aria-hidden=\"true\" class=\"wp-block-spacer\"><\/div>\n\n\n\n<div class=\"wp-block-columns alignwide is-layout-flex wp-container-core-columns-is-layout-2 wp-block-columns-is-layout-flex\">\n<div class=\"wp-block-column is-layout-flow wp-block-column-is-layout-flow\">\n<p style=\"font-size:14px\"><strong><a href=\"https:\/\/www.ucg.ac.me\/pfkotor\/\" target=\"_blank\" rel=\"noreferrer noopener\">Faculty of Maritime Studies Kotor<\/a><\/strong><br>Put I Bokeljske brigade 44, Dobrota<br>85331 Kotor, Montenegro<br>tel: +38232303184<br>email: <a href=\"mailto:pfkotor@ucg.ac.me\">pfkotor@ucg.ac.me<\/a><\/p>\n<\/div>\n\n\n\n<div class=\"wp-block-column is-layout-flow wp-block-column-is-layout-flow\">\n<p style=\"font-size:14px\"><strong><a href=\"https:\/\/www.ucg.ac.me\/pfkotor\/\" data-type=\"URL\" data-id=\"https:\/\/www.ucg.ac.me\/pfkotor\/\" target=\"_blank\" rel=\"noreferrer noopener\">Pomorski fakultet Kotor<\/a><\/strong><br>Put I Bokeljske brigade 44, Dobrota<br>85331 Kotor, Montenegro<br>tel: +38232303184<br>email: <a href=\"mailto:pfkotor@ucg.ac.me\">pfkotor@ucg.ac.me<\/a><\/p>\n<\/div>\n\n\n\n<div class=\"wp-block-column is-layout-flow wp-block-column-is-layout-flow\">\n<p style=\"font-size:14px\"><a rel=\"noreferrer noopener\" href=\"https:\/\/www.ucg.ac.me\/pfkotor\/\" target=\"_blank\"><strong>Faculty of Maritime Studies Kotor Web Page<\/strong><\/a><br><\/p>\n\n\n\n<ul class=\"wp-block-social-links is-style-default is-layout-flex wp-block-social-links-is-layout-flex\"><li class=\"wp-social-link wp-social-link-facebook  wp-block-social-link\"><a href=\"https:\/\/www.facebook.com\/pomorski.fakultet.kotor\" class=\"wp-block-social-link-anchor\"><svg width=\"24\" height=\"24\" viewBox=\"0 0 24 24\" version=\"1.1\" xmlns=\"http:\/\/www.w3.org\/2000\/svg\" aria-hidden=\"true\" focusable=\"false\"><path d=\"M12 2C6.5 2 2 6.5 2 12c0 5 3.7 9.1 8.4 9.9v-7H7.9V12h2.5V9.8c0-2.5 1.5-3.9 3.8-3.9 1.1 0 2.2.2 2.2.2v2.5h-1.3c-1.2 0-1.6.8-1.6 1.6V12h2.8l-.4 2.9h-2.3v7C18.3 21.1 22 17 22 12c0-5.5-4.5-10-10-10z\"><\/path><\/svg><span class=\"wp-block-social-link-label screen-reader-text\">Facebook<\/span><\/a><\/li>\n\n<li class=\"wp-social-link wp-social-link-instagram  wp-block-social-link\"><a href=\"https:\/\/www.instagram.com\/pomorski.fakultet.kotor\/\" class=\"wp-block-social-link-anchor\"><svg width=\"24\" height=\"24\" viewBox=\"0 0 24 24\" version=\"1.1\" xmlns=\"http:\/\/www.w3.org\/2000\/svg\" aria-hidden=\"true\" focusable=\"false\"><path d=\"M12,4.622c2.403,0,2.688,0.009,3.637,0.052c0.877,0.04,1.354,0.187,1.671,0.31c0.42,0.163,0.72,0.358,1.035,0.673 c0.315,0.315,0.51,0.615,0.673,1.035c0.123,0.317,0.27,0.794,0.31,1.671c0.043,0.949,0.052,1.234,0.052,3.637 s-0.009,2.688-0.052,3.637c-0.04,0.877-0.187,1.354-0.31,1.671c-0.163,0.42-0.358,0.72-0.673,1.035 c-0.315,0.315-0.615,0.51-1.035,0.673c-0.317,0.123-0.794,0.27-1.671,0.31c-0.949,0.043-1.233,0.052-3.637,0.052 s-2.688-0.009-3.637-0.052c-0.877-0.04-1.354-0.187-1.671-0.31c-0.42-0.163-0.72-0.358-1.035-0.673 c-0.315-0.315-0.51-0.615-0.673-1.035c-0.123-0.317-0.27-0.794-0.31-1.671C4.631,14.688,4.622,14.403,4.622,12 s0.009-2.688,0.052-3.637c0.04-0.877,0.187-1.354,0.31-1.671c0.163-0.42,0.358-0.72,0.673-1.035 c0.315-0.315,0.615-0.51,1.035-0.673c0.317-0.123,0.794-0.27,1.671-0.31C9.312,4.631,9.597,4.622,12,4.622 M12,3 C9.556,3,9.249,3.01,8.289,3.054C7.331,3.098,6.677,3.25,6.105,3.472C5.513,3.702,5.011,4.01,4.511,4.511 c-0.5,0.5-0.808,1.002-1.038,1.594C3.25,6.677,3.098,7.331,3.054,8.289C3.01,9.249,3,9.556,3,12c0,2.444,0.01,2.751,0.054,3.711 c0.044,0.958,0.196,1.612,0.418,2.185c0.23,0.592,0.538,1.094,1.038,1.594c0.5,0.5,1.002,0.808,1.594,1.038 c0.572,0.222,1.227,0.375,2.185,0.418C9.249,20.99,9.556,21,12,21s2.751-0.01,3.711-0.054c0.958-0.044,1.612-0.196,2.185-0.418 c0.592-0.23,1.094-0.538,1.594-1.038c0.5-0.5,0.808-1.002,1.038-1.594c0.222-0.572,0.375-1.227,0.418-2.185 C20.99,14.751,21,14.444,21,12s-0.01-2.751-0.054-3.711c-0.044-0.958-0.196-1.612-0.418-2.185c-0.23-0.592-0.538-1.094-1.038-1.594 c-0.5-0.5-1.002-0.808-1.594-1.038c-0.572-0.222-1.227-0.375-2.185-0.418C14.751,3.01,14.444,3,12,3L12,3z M12,7.378 c-2.552,0-4.622,2.069-4.622,4.622S9.448,16.622,12,16.622s4.622-2.069,4.622-4.622S14.552,7.378,12,7.378z M12,15 c-1.657,0-3-1.343-3-3s1.343-3,3-3s3,1.343,3,3S13.657,15,12,15z M16.804,6.116c-0.596,0-1.08,0.484-1.08,1.08 s0.484,1.08,1.08,1.08c0.596,0,1.08-0.484,1.08-1.08S17.401,6.116,16.804,6.116z\"><\/path><\/svg><span class=\"wp-block-social-link-label screen-reader-text\">Instagram<\/span><\/a><\/li>\n\n<li class=\"wp-social-link wp-social-link-youtube  wp-block-social-link\"><a href=\"https:\/\/www.youtube.com\/channel\/UCVEy0x7vi8hceYNYZ7T1iHg\" class=\"wp-block-social-link-anchor\"><svg width=\"24\" height=\"24\" viewBox=\"0 0 24 24\" version=\"1.1\" xmlns=\"http:\/\/www.w3.org\/2000\/svg\" aria-hidden=\"true\" focusable=\"false\"><path d=\"M21.8,8.001c0,0-0.195-1.378-0.795-1.985c-0.76-0.797-1.613-0.801-2.004-0.847c-2.799-0.202-6.997-0.202-6.997-0.202 h-0.009c0,0-4.198,0-6.997,0.202C4.608,5.216,3.756,5.22,2.995,6.016C2.395,6.623,2.2,8.001,2.2,8.001S2,9.62,2,11.238v1.517 c0,1.618,0.2,3.237,0.2,3.237s0.195,1.378,0.795,1.985c0.761,0.797,1.76,0.771,2.205,0.855c1.6,0.153,6.8,0.201,6.8,0.201 s4.203-0.006,7.001-0.209c0.391-0.047,1.243-0.051,2.004-0.847c0.6-0.607,0.795-1.985,0.795-1.985s0.2-1.618,0.2-3.237v-1.517 C22,9.62,21.8,8.001,21.8,8.001z M9.935,14.594l-0.001-5.62l5.404,2.82L9.935,14.594z\"><\/path><\/svg><span class=\"wp-block-social-link-label screen-reader-text\">YouTube<\/span><\/a><\/li><\/ul>\n<\/div>\n<\/div>\n","protected":false},"excerpt":{"rendered":"<p>Faculty of Maritime Studies KotorPut I Bokeljske brigade 44, Dobrota85331 Kotor, Montenegrotel: +38232303184email: pfkotor@ucg.ac.me Pomorski fakultet KotorPut I Bokeljske brigade 44, Dobrota85331 Kotor, Montenegrotel: +38232303184email: pfkotor@ucg.ac.me Faculty of Maritime Studies Kotor Web Page<\/p>\n","protected":false},"author":2,"featured_media":0,"parent":0,"menu_order":0,"comment_status":"closed","ping_status":"closed","template":"","meta":{"footnotes":""},"class_list":["post-124","page","type-page","status-publish","hentry"],"_links":{"self":[{"href":"https:\/\/www.jms.ucg.ac.me\/index.php\/wp-json\/wp\/v2\/pages\/124"}],"collection":[{"href":"https:\/\/www.jms.ucg.ac.me\/index.php\/wp-json\/wp\/v2\/pages"}],"about":[{"href":"https:\/\/www.jms.ucg.ac.me\/index.php\/wp-json\/wp\/v2\/types\/page"}],"author":[{"embeddable":true,"href":"https:\/\/www.jms.ucg.ac.me\/index.php\/wp-json\/wp\/v2\/users\/2"}],"replies":[{"embeddable":true,"href":"https:\/\/www.jms.ucg.ac.me\/index.php\/wp-json\/wp\/v2\/comments?post=124"}],"version-history":[{"count":16,"href":"https:\/\/www.jms.ucg.ac.me\/index.php\/wp-json\/wp\/v2\/pages\/124\/revisions"}],"predecessor-version":[{"id":343,"href":"https:\/\/www.jms.ucg.ac.me\/index.php\/wp-json\/wp\/v2\/pages\/124\/revisions\/343"}],"wp:attachment":[{"href":"https:\/\/www.jms.ucg.ac.me\/index.php\/wp-json\/wp\/v2\/media?parent=124"}],"curies":[{"name":"wp","href":"https:\/\/api.w.org\/{rel}","templated":true}]}}