{"id":195,"date":"2022-06-10T18:11:10","date_gmt":"2022-06-10T18:11:10","guid":{"rendered":"https:\/\/www.jms.ucg.ac.me\/?page_id=195"},"modified":"2023-10-09T10:22:58","modified_gmt":"2023-10-09T10:22:58","slug":"jms-vol-23-no-1-2022","status":"publish","type":"page","link":"https:\/\/www.jms.ucg.ac.me\/index.php\/jms-vol-23-no-1-2022\/","title":{"rendered":"JMS Vol. 23 No. 1\/2022"},"content":{"rendered":"\n<div class=\"wp-block-media-text alignwide is-stacked-on-mobile is-vertically-aligned-top\" style=\"grid-template-columns:19% auto\" id=\"About\"><figure class=\"wp-block-media-text__media\"><img loading=\"lazy\" decoding=\"async\" width=\"300\" height=\"184\" src=\"https:\/\/www.jms.ucg.ac.me\/wp-content\/uploads\/2022\/04\/Logo-JMS-2-300x184.png\" alt=\"\u010casopis Pomorskog fakulteta Kotor \u2013 Journal of Maritime Sciences\" class=\"wp-image-82 size-medium\" srcset=\"https:\/\/www.jms.ucg.ac.me\/wp-content\/uploads\/2022\/04\/Logo-JMS-2-300x184.png 300w, https:\/\/www.jms.ucg.ac.me\/wp-content\/uploads\/2022\/04\/Logo-JMS-2-1024x627.png 1024w, https:\/\/www.jms.ucg.ac.me\/wp-content\/uploads\/2022\/04\/Logo-JMS-2-768x470.png 768w, https:\/\/www.jms.ucg.ac.me\/wp-content\/uploads\/2022\/04\/Logo-JMS-2.png 1088w\" sizes=\"(max-width: 300px) 100vw, 300px\" \/><\/figure><div class=\"wp-block-media-text__content\">\n<p class=\"has-large-font-size\">Complete <strong><a href=\"https:\/\/www.jms.ucg.ac.me\/jms_archive\/v23_1_2022\/jms_23_01_2022.pdf\" target=\"_blank\" rel=\"noreferrer noopener\">JMS Vol. 23 No.1\/2022<\/a><\/strong> (PDF 16.6 MB)<\/p>\n\n\n\n<h2 class=\"wp-block-heading\">Content<\/h2>\n\n\n\n<p><strong>Statutes of the Boka Navy Kotor from 1463 to 2016<\/strong><br><em>Antun Sbutega<\/em> <br>pages: 1-32<br><a href=\"https:\/\/doi.org\/10.56080\/jms220501\">DOI: https:\/\/doi.org\/10.56080\/jms220501<\/a><\/p>\n\n\n\n<p><strong>Assessment of Energy Efficiency for the Existing Cargo Ships<\/strong><br><em>Milan Kalajd\u017ei\u0107, Matija Vasilev, Nikola Mom\u010dilovi\u0107<\/em><br>pages: 33-46<br><a rel=\"noreferrer noopener\" href=\"https:\/\/doi.org\/10.56080\/jms220502\" target=\"_blank\">DOI: https:\/\/doi.org\/10.56080\/jms220502<\/a><\/p>\n\n\n\n<p><strong>Solutions to Minimize Sediment Resuspension in Ports<\/strong><br><em>Jure Sr\u0161e, Marko Perkovi\u010d, Andrej Androjna, Tanja Brcko<\/em><br>pages: 47-56<br><a href=\"https:\/\/doi.org\/10.56080\/jms220503\" target=\"_blank\" rel=\"noreferrer noopener\">DOI: https:\/\/doi.org\/10.56080\/jms220503<\/a><\/p>\n\n\n\n<p><strong>Distance Measurement Sensors &#8211; Example from Education<\/strong><br><em>Igor Vujovi\u0107, Ni\u0161ka Rajkovi\u0107, Miro Petkovi\u0107, Ivica Kuzmani\u0107, Jo\u0161ko \u0160oda<\/em><br>pages: 57-64<br><a rel=\"noreferrer noopener\" href=\"https:\/\/doi.org\/10.56080\/jms220504\" target=\"_blank\">DOI: https:\/\/doi.org\/10.56080\/jms220504<\/a><\/p>\n\n\n\n<p><strong>Operational Limitations of Durres Container\u2019s Terminal<\/strong><br><em>Osman Metalla, Eli Vyshka<\/em><br>pages: 65-74<br><a href=\"https:\/\/doi.org\/10.56080\/jms220505\" target=\"_blank\" rel=\"noreferrer noopener\">DOI: https:\/\/doi.org\/10.56080\/jms220505<\/a><\/p>\n\n\n\n<p><strong>Anti-shock foundation of naval engines for naval vessels<\/strong><br><em>Andrzej Grzadziela, Marcin Kluczyk<\/em><br>pages: 75-90<br><a href=\"https:\/\/doi.org\/10.56080\/jms220506\" target=\"_blank\" rel=\"noreferrer noopener\">DOI: https:\/\/doi.org\/10.56080\/jms220506<\/a><\/p>\n\n\n\n<p><strong>A Discourse Analysis Approach to Email Communication on Ships<\/strong><br><em>Milena D\u017eeverdanovi\u0107-Pejovi\u0107<\/em><br>pages: 91-100<br><a rel=\"noreferrer noopener\" href=\"https:\/\/doi.org\/10.56080\/jms220507\" target=\"_blank\">DOI: https:\/\/doi.org\/10.56080\/jms220507<\/a><\/p>\n\n\n\n<p><strong>Hybrid Twinning on Marine Engine Simulators<\/strong><br><em>Zorica \u0110urovi\u0107, Miroslav Vuki\u010devi\u0107<\/em><br>pages: 101-112<br><a rel=\"noreferrer noopener\" href=\"https:\/\/doi.org\/10.56080\/jms220508\" target=\"_blank\">DOI: https:\/\/doi.org\/10.56080\/jms220508<\/a><\/p>\n\n\n\n<p><strong>Development of Small Container Ports: Case Study \u2013 Port of Bar<\/strong><br><em>Dalibor Pelevi\u0107, Nikola Vuk\u010devi\u0107, Vladislav Mara\u0161<\/em><br>pages: 113-126<br><a href=\"https:\/\/doi.org\/10.56080\/jms220509\" target=\"_blank\" rel=\"noreferrer noopener\">DOI: https:\/\/doi.org\/10.56080\/jms220509<\/a><\/p>\n\n\n\n<p><strong>GHG Abatement Potential Due to the Implementation of Slow Steaming<\/strong><br><em>Nastia Degiuli, Andrea Farkas, Ivana Marti\u0107, Ivan Gospi\u0107<\/em><br>pages: 127-140<br><a href=\"https:\/\/doi.org\/10.56080\/jms220510\" data-type=\"URL\" data-id=\"https:\/\/doi.org\/10.56080\/jms220510\" target=\"_blank\" rel=\"noreferrer noopener\">DOI: https:\/\/doi.org\/10.56080\/jms220510<\/a><\/p>\n\n\n\n<p><strong>An Analysis of Qualifications and Personal Characteristics of Successful Marina Manager<\/strong><br><em>Senka \u0160ekularac Ivo\u0161evi\u0107, Dragana Milo\u0161evi\u0107<\/em><br>pages: 141-152<br><a href=\"https:\/\/doi.org\/10.56080\/jms220511\" target=\"_blank\" rel=\"noreferrer noopener\">DOI: https:\/\/doi.org\/10.56080\/jms220511<\/a><\/p>\n\n\n\n<p><strong>Review of Cargo Operations on Crude Oil Tankers and Methods\/Models Used for Optimisation and Improvement of Safety<\/strong><br><em>Mislav Maljkovi\u0107, Sr\u0111an Vuk\u0161a, Pero Vidan, Ivica Pavi\u0107<\/em><br>pages: 153-164<br><a href=\"https:\/\/doi.org\/10.56080\/jms220512\" target=\"_blank\" rel=\"noreferrer noopener\">DOI: https:\/\/doi.org\/10.56080\/jms220512<\/a><\/p>\n\n\n\n<p><strong>Temperature Measurement and Applications on Board Ships with Example from Marine Engineers Education<\/strong><br><em>Miro Petkovi\u0107, Luka \u0160krobo, Igor Vujovi\u0107, Ivica Kuzmani\u0107<\/em><br>pages: 165-172<br><a href=\"https:\/\/doi.org\/10.56080\/jms220513\" target=\"_blank\" rel=\"noreferrer noopener\">DOI: https:\/\/doi.org\/10.56080\/jms220513<\/a><\/p>\n\n\n\n<p><strong>Analysis of Technical Properties of Small Passenger Ships in the Mediterranean Sea with Overview of Future Market Needs \u2013 Environmental and Comfort Issues<\/strong><br><em>Nikola Vladimir, Andro Bakica, Maja Per\u010di\u0107, Ivana Jovanovi\u0107<\/em><br>pages: 173-186<br><a href=\"https:\/\/doi.org\/10.56080\/jms220514\" target=\"_blank\" rel=\"noreferrer noopener\">DOI: https:\/\/doi.org\/10.56080\/jms220514<\/a><\/p>\n\n\n\n<p><strong>MASS Level III \u2013 Exploration of Current Issues from an Operational Point of View<\/strong><br><em>Darijo Mi\u0161kovi\u0107<\/em><br>pages: 187-196<br><a rel=\"noreferrer noopener\" href=\"https:\/\/doi.org\/10.56080\/jms220515\" target=\"_blank\">DOI: https:\/\/doi.org\/10.56080\/jms220515<\/a><\/p>\n\n\n\n<p><\/p>\n\n\n\n<p><strong><em>List of reviewers participated in the Review Process:<\/em><\/strong><br>Nikola Vladimir, Danilo Nikoli\u0107, \u017darko Koboevi\u0107, Tatijana Dlaba\u010d, \u0160piro Ivo\u0161evi\u0107, Kristofor Lapa, Milena D\u017eeverdanovi\u0107-Pejovi\u0107, Alen Jugovi\u0107, Igor Vujovi\u0107, Senka \u0160ekularac-Ivo\u0161evi\u0107, Zorica \u0110urovi\u0107, Jasmina Bajo, and Maja \u0160kuri\u0107.<\/p>\n<\/div><\/div>\n\n\n\n<div style=\"height:10px\" aria-hidden=\"true\" class=\"wp-block-spacer\"><\/div>\n\n\n\n<div class=\"wp-block-columns alignwide is-layout-flex wp-container-core-columns-is-layout-1 wp-block-columns-is-layout-flex\">\n<div class=\"wp-block-column is-layout-flow wp-block-column-is-layout-flow\">\n<p style=\"font-size:14px\"><strong><a href=\"https:\/\/www.ucg.ac.me\/pfkotor\/\" target=\"_blank\" rel=\"noreferrer noopener\">Faculty of Maritime Studies Kotor<\/a><\/strong><br>Put I Bokeljske brigade 44, Dobrota<br>85331 Kotor, Montenegro<br>tel: +38232303184<br>email: <a href=\"mailto:pfkotor@ucg.ac.me\">pfkotor@ucg.ac.me<\/a><\/p>\n<\/div>\n\n\n\n<div class=\"wp-block-column is-layout-flow wp-block-column-is-layout-flow\">\n<p style=\"font-size:14px\"><strong><a href=\"https:\/\/www.ucg.ac.me\/pfkotor\/\" data-type=\"URL\" data-id=\"https:\/\/www.ucg.ac.me\/pfkotor\/\" target=\"_blank\" rel=\"noreferrer noopener\">Pomorski fakultet Kotor<\/a><\/strong><br>Put I Bokeljske brigade 44, Dobrota<br>85331 Kotor, Montenegro<br>tel: +38232303184<br>email: <a href=\"mailto:pfkotor@ucg.ac.me\">pfkotor@ucg.ac.me<\/a><\/p>\n<\/div>\n\n\n\n<div class=\"wp-block-column is-layout-flow wp-block-column-is-layout-flow\">\n<p style=\"font-size:14px\"><a rel=\"noreferrer noopener\" href=\"https:\/\/www.ucg.ac.me\/pfkotor\/\" target=\"_blank\"><strong>Faculty of Maritime Studies Kotor Web Page<\/strong><\/a><br><\/p>\n\n\n\n<ul class=\"wp-block-social-links is-style-default is-layout-flex wp-block-social-links-is-layout-flex\"><li class=\"wp-social-link wp-social-link-facebook  wp-block-social-link\"><a href=\"https:\/\/www.facebook.com\/pomorski.fakultet.kotor\" class=\"wp-block-social-link-anchor\"><svg width=\"24\" height=\"24\" viewBox=\"0 0 24 24\" version=\"1.1\" xmlns=\"http:\/\/www.w3.org\/2000\/svg\" aria-hidden=\"true\" focusable=\"false\"><path d=\"M12 2C6.5 2 2 6.5 2 12c0 5 3.7 9.1 8.4 9.9v-7H7.9V12h2.5V9.8c0-2.5 1.5-3.9 3.8-3.9 1.1 0 2.2.2 2.2.2v2.5h-1.3c-1.2 0-1.6.8-1.6 1.6V12h2.8l-.4 2.9h-2.3v7C18.3 21.1 22 17 22 12c0-5.5-4.5-10-10-10z\"><\/path><\/svg><span class=\"wp-block-social-link-label screen-reader-text\">Facebook<\/span><\/a><\/li>\n\n<li class=\"wp-social-link wp-social-link-instagram  wp-block-social-link\"><a href=\"https:\/\/www.instagram.com\/pomorski.fakultet.kotor\/\" class=\"wp-block-social-link-anchor\"><svg width=\"24\" height=\"24\" viewBox=\"0 0 24 24\" version=\"1.1\" xmlns=\"http:\/\/www.w3.org\/2000\/svg\" aria-hidden=\"true\" focusable=\"false\"><path d=\"M12,4.622c2.403,0,2.688,0.009,3.637,0.052c0.877,0.04,1.354,0.187,1.671,0.31c0.42,0.163,0.72,0.358,1.035,0.673 c0.315,0.315,0.51,0.615,0.673,1.035c0.123,0.317,0.27,0.794,0.31,1.671c0.043,0.949,0.052,1.234,0.052,3.637 s-0.009,2.688-0.052,3.637c-0.04,0.877-0.187,1.354-0.31,1.671c-0.163,0.42-0.358,0.72-0.673,1.035 c-0.315,0.315-0.615,0.51-1.035,0.673c-0.317,0.123-0.794,0.27-1.671,0.31c-0.949,0.043-1.233,0.052-3.637,0.052 s-2.688-0.009-3.637-0.052c-0.877-0.04-1.354-0.187-1.671-0.31c-0.42-0.163-0.72-0.358-1.035-0.673 c-0.315-0.315-0.51-0.615-0.673-1.035c-0.123-0.317-0.27-0.794-0.31-1.671C4.631,14.688,4.622,14.403,4.622,12 s0.009-2.688,0.052-3.637c0.04-0.877,0.187-1.354,0.31-1.671c0.163-0.42,0.358-0.72,0.673-1.035 c0.315-0.315,0.615-0.51,1.035-0.673c0.317-0.123,0.794-0.27,1.671-0.31C9.312,4.631,9.597,4.622,12,4.622 M12,3 C9.556,3,9.249,3.01,8.289,3.054C7.331,3.098,6.677,3.25,6.105,3.472C5.513,3.702,5.011,4.01,4.511,4.511 c-0.5,0.5-0.808,1.002-1.038,1.594C3.25,6.677,3.098,7.331,3.054,8.289C3.01,9.249,3,9.556,3,12c0,2.444,0.01,2.751,0.054,3.711 c0.044,0.958,0.196,1.612,0.418,2.185c0.23,0.592,0.538,1.094,1.038,1.594c0.5,0.5,1.002,0.808,1.594,1.038 c0.572,0.222,1.227,0.375,2.185,0.418C9.249,20.99,9.556,21,12,21s2.751-0.01,3.711-0.054c0.958-0.044,1.612-0.196,2.185-0.418 c0.592-0.23,1.094-0.538,1.594-1.038c0.5-0.5,0.808-1.002,1.038-1.594c0.222-0.572,0.375-1.227,0.418-2.185 C20.99,14.751,21,14.444,21,12s-0.01-2.751-0.054-3.711c-0.044-0.958-0.196-1.612-0.418-2.185c-0.23-0.592-0.538-1.094-1.038-1.594 c-0.5-0.5-1.002-0.808-1.594-1.038c-0.572-0.222-1.227-0.375-2.185-0.418C14.751,3.01,14.444,3,12,3L12,3z M12,7.378 c-2.552,0-4.622,2.069-4.622,4.622S9.448,16.622,12,16.622s4.622-2.069,4.622-4.622S14.552,7.378,12,7.378z M12,15 c-1.657,0-3-1.343-3-3s1.343-3,3-3s3,1.343,3,3S13.657,15,12,15z M16.804,6.116c-0.596,0-1.08,0.484-1.08,1.08 s0.484,1.08,1.08,1.08c0.596,0,1.08-0.484,1.08-1.08S17.401,6.116,16.804,6.116z\"><\/path><\/svg><span class=\"wp-block-social-link-label screen-reader-text\">Instagram<\/span><\/a><\/li>\n\n<li class=\"wp-social-link wp-social-link-youtube  wp-block-social-link\"><a href=\"https:\/\/www.youtube.com\/channel\/UCVEy0x7vi8hceYNYZ7T1iHg\" class=\"wp-block-social-link-anchor\"><svg width=\"24\" height=\"24\" viewBox=\"0 0 24 24\" version=\"1.1\" xmlns=\"http:\/\/www.w3.org\/2000\/svg\" aria-hidden=\"true\" focusable=\"false\"><path d=\"M21.8,8.001c0,0-0.195-1.378-0.795-1.985c-0.76-0.797-1.613-0.801-2.004-0.847c-2.799-0.202-6.997-0.202-6.997-0.202 h-0.009c0,0-4.198,0-6.997,0.202C4.608,5.216,3.756,5.22,2.995,6.016C2.395,6.623,2.2,8.001,2.2,8.001S2,9.62,2,11.238v1.517 c0,1.618,0.2,3.237,0.2,3.237s0.195,1.378,0.795,1.985c0.761,0.797,1.76,0.771,2.205,0.855c1.6,0.153,6.8,0.201,6.8,0.201 s4.203-0.006,7.001-0.209c0.391-0.047,1.243-0.051,2.004-0.847c0.6-0.607,0.795-1.985,0.795-1.985s0.2-1.618,0.2-3.237v-1.517 C22,9.62,21.8,8.001,21.8,8.001z M9.935,14.594l-0.001-5.62l5.404,2.82L9.935,14.594z\"><\/path><\/svg><span class=\"wp-block-social-link-label screen-reader-text\">YouTube<\/span><\/a><\/li><\/ul>\n<\/div>\n<\/div>\n","protected":false},"excerpt":{"rendered":"<p>Complete JMS Vol. 23 No.1\/2022 (PDF 16.6 MB) Content Statutes of the Boka Navy Kotor from 1463 to 2016Antun Sbutega pages: 1-32DOI: https:\/\/doi.org\/10.56080\/jms220501 Assessment of Energy Efficiency for the Existing Cargo ShipsMilan Kalajd\u017ei\u0107, Matija Vasilev, Nikola Mom\u010dilovi\u0107pages: 33-46DOI: https:\/\/doi.org\/10.56080\/jms220502 Solutions to Minimize Sediment Resuspension in PortsJure Sr\u0161e, Marko Perkovi\u010d, Andrej Androjna, Tanja Brckopages: 47-56DOI: https:\/\/doi.org\/10.56080\/jms220503 [&hellip;]<\/p>\n","protected":false},"author":2,"featured_media":0,"parent":0,"menu_order":0,"comment_status":"closed","ping_status":"closed","template":"","meta":{"footnotes":""},"class_list":["post-195","page","type-page","status-publish","hentry"],"_links":{"self":[{"href":"https:\/\/www.jms.ucg.ac.me\/index.php\/wp-json\/wp\/v2\/pages\/195"}],"collection":[{"href":"https:\/\/www.jms.ucg.ac.me\/index.php\/wp-json\/wp\/v2\/pages"}],"about":[{"href":"https:\/\/www.jms.ucg.ac.me\/index.php\/wp-json\/wp\/v2\/types\/page"}],"author":[{"embeddable":true,"href":"https:\/\/www.jms.ucg.ac.me\/index.php\/wp-json\/wp\/v2\/users\/2"}],"replies":[{"embeddable":true,"href":"https:\/\/www.jms.ucg.ac.me\/index.php\/wp-json\/wp\/v2\/comments?post=195"}],"version-history":[{"count":26,"href":"https:\/\/www.jms.ucg.ac.me\/index.php\/wp-json\/wp\/v2\/pages\/195\/revisions"}],"predecessor-version":[{"id":301,"href":"https:\/\/www.jms.ucg.ac.me\/index.php\/wp-json\/wp\/v2\/pages\/195\/revisions\/301"}],"wp:attachment":[{"href":"https:\/\/www.jms.ucg.ac.me\/index.php\/wp-json\/wp\/v2\/media?parent=195"}],"curies":[{"name":"wp","href":"https:\/\/api.w.org\/{rel}","templated":true}]}}